{"id":133,"date":"2020-03-09T12:25:52","date_gmt":"2020-03-09T11:25:52","guid":{"rendered":"http:\/\/kellerdesign.de\/?page_id=133"},"modified":"2025-11-17T14:01:39","modified_gmt":"2025-11-17T13:01:39","slug":"download","status":"publish","type":"page","link":"https:\/\/kellerdesign.de\/index.php\/download\/","title":{"rendered":"DOWNLOAD"},"content":{"rendered":"\n<div class=\"wp-block-columns is-layout-flex wp-container-core-columns-is-layout-28f84493 wp-block-columns-is-layout-flex\">\n<div class=\"wp-block-column is-layout-flow wp-block-column-is-layout-flow\">\n<div class=\"wp-block-columns is-layout-flex wp-container-core-columns-is-layout-28f84493 wp-block-columns-is-layout-flex\">\n<div class=\"wp-block-column is-layout-flow wp-block-column-is-layout-flow\">\n<figure class=\"wp-block-image aligncenter size-full is-style-default;  image-hover-effect has-lightbox\"><a href=\"https:\/\/kellerdesign.de\/wp-content\/uploads\/2025\/01\/Keller-Design-Messen-Events-MESSEN-Broschuere-.pdf\" target=\"_blank\" rel=\"noopener\"><img loading=\"lazy\" decoding=\"async\" width=\"595\" height=\"842\" src=\"https:\/\/kellerdesign.de\/wp-content\/uploads\/2025\/01\/Keller-Design-Messen-Events-Messestaende-Deckblatt.jpg\" alt=\"download-messestaende-mit-leidenschaft-gebaut\" class=\"wp-image-11250\" srcset=\"https:\/\/kellerdesign.de\/wp-content\/uploads\/2025\/01\/Keller-Design-Messen-Events-Messestaende-Deckblatt.jpg 595w, https:\/\/kellerdesign.de\/wp-content\/uploads\/2025\/01\/Keller-Design-Messen-Events-Messestaende-Deckblatt-212x300.jpg 212w\" sizes=\"auto, (max-width: 595px) 100vw, 595px\" \/><\/a><\/figure>\n<\/div>\n\n\n\n<div class=\"wp-block-column is-layout-flow wp-block-column-is-layout-flow\">\n<figure class=\"wp-block-image aligncenter size-full is-style-default;  image-hover-effect has-lightbox\"><a href=\"https:\/\/kellerdesign.de\/wp-content\/uploads\/2025\/01\/Keller-Design-Messen-Events-EVENTS-Broschuere-1.pdf\" target=\"_blank\" rel=\"https:\/\/kellerdesign.de\/wp-content\/uploads\/2022\/09\/Keller-Design-Messen-Events-EVENTS-Broschuere.pdf noopener\"><img loading=\"lazy\" decoding=\"async\" width=\"595\" height=\"842\" src=\"https:\/\/kellerdesign.de\/wp-content\/uploads\/2025\/01\/Keller-Design-Messen-Events-Deckblatt.jpg\" alt=\"download-events-die-emotionen-wecken\" class=\"wp-image-11248\" srcset=\"https:\/\/kellerdesign.de\/wp-content\/uploads\/2025\/01\/Keller-Design-Messen-Events-Deckblatt.jpg 595w, https:\/\/kellerdesign.de\/wp-content\/uploads\/2025\/01\/Keller-Design-Messen-Events-Deckblatt-212x300.jpg 212w\" sizes=\"auto, (max-width: 595px) 100vw, 595px\" \/><\/a><\/figure>\n<\/div>\n\n\n\n<div class=\"wp-block-column is-layout-flow wp-block-column-is-layout-flow\">\n<figure class=\"wp-block-image aligncenter size-full is-style-default;  image-hover-effect has-lightbox\"><a href=\"https:\/\/kellerdesign.de\/wp-content\/uploads\/2025\/01\/Keller-Design-Messen-Events-GRAFIK-Broschuere-1.pdf\" target=\"_blank\" rel=\"Keller-Design-Messen-Events-GRAFIK-Broschuere noopener\"><img loading=\"lazy\" decoding=\"async\" width=\"595\" height=\"842\" src=\"https:\/\/kellerdesign.de\/wp-content\/uploads\/2025\/01\/Keller-Design-Messen-Events-GRAFIK-Deckblatt.jpg\" alt=\"download-grafik-die-sie-besonders-macht\" class=\"wp-image-11249\" srcset=\"https:\/\/kellerdesign.de\/wp-content\/uploads\/2025\/01\/Keller-Design-Messen-Events-GRAFIK-Deckblatt.jpg 595w, https:\/\/kellerdesign.de\/wp-content\/uploads\/2025\/01\/Keller-Design-Messen-Events-GRAFIK-Deckblatt-212x300.jpg 212w\" sizes=\"auto, (max-width: 595px) 100vw, 595px\" \/><\/a><\/figure>\n<\/div>\n<\/div>\n<\/div>\n<\/div>\n\n\n\n<div style=\"height:25px\" aria-hidden=\"true\" class=\"wp-block-spacer\"><\/div>\n\n\n\n<div class=\"wp-block-columns is-layout-flex wp-container-core-columns-is-layout-28f84493 wp-block-columns-is-layout-flex\">\n<div class=\"wp-block-column is-layout-flow wp-block-column-is-layout-flow\">\n<div class=\"wp-block-columns is-layout-flex wp-container-core-columns-is-layout-28f84493 wp-block-columns-is-layout-flex\">\n<div class=\"wp-block-column is-layout-flow wp-block-column-is-layout-flow\">\n<figure class=\"wp-block-image aligncenter size-large is-style-default;  image-hover-effect\"><a href=\"https:\/\/kellerdesign.de\/wp-content\/uploads\/2022\/09\/Keller-Design-Messen-Events-HAUSMESSEN.pdf\" target=\"_blank\" rel=\"Keller-Design-Messen-Events-HAUSMESSEN noopener\"><img loading=\"lazy\" decoding=\"async\" width=\"614\" height=\"860\" src=\"https:\/\/kellerdesign.de\/wp-content\/uploads\/2021\/04\/Keller-Design-Messen-Events-HAUSMESSEN-Titelbild-2.jpg\" alt=\"\" class=\"wp-image-1655\" srcset=\"https:\/\/kellerdesign.de\/wp-content\/uploads\/2021\/04\/Keller-Design-Messen-Events-HAUSMESSEN-Titelbild-2.jpg 614w, https:\/\/kellerdesign.de\/wp-content\/uploads\/2021\/04\/Keller-Design-Messen-Events-HAUSMESSEN-Titelbild-2-214x300.jpg 214w\" sizes=\"auto, (max-width: 614px) 100vw, 614px\" \/><\/a><\/figure>\n<\/div>\n\n\n\n<div class=\"wp-block-column is-layout-flow wp-block-column-is-layout-flow\">\n<figure class=\"wp-block-image aligncenter size-large is-style-default;  image-hover-effect\"><a href=\"https:\/\/kellerdesign.de\/wp-content\/uploads\/2022\/09\/Keller-Design-Messen-Events-ROADSHOW.pdf\" target=\"_blank\" rel=\"Keller-Design-Messen-Events-ROADSHOW noopener\"><img loading=\"lazy\" decoding=\"async\" width=\"614\" height=\"860\" src=\"https:\/\/kellerdesign.de\/wp-content\/uploads\/2021\/04\/Keller-Design-Messen-Events-ROADSHOW-Titelbild.jpg\" alt=\"\" class=\"wp-image-1657\" srcset=\"https:\/\/kellerdesign.de\/wp-content\/uploads\/2021\/04\/Keller-Design-Messen-Events-ROADSHOW-Titelbild.jpg 614w, https:\/\/kellerdesign.de\/wp-content\/uploads\/2021\/04\/Keller-Design-Messen-Events-ROADSHOW-Titelbild-214x300.jpg 214w\" sizes=\"auto, (max-width: 614px) 100vw, 614px\" \/><\/a><\/figure>\n<\/div>\n\n\n\n<div class=\"wp-block-column is-layout-flow wp-block-column-is-layout-flow\">\n<figure class=\"wp-block-image aligncenter size-large is-style-default;  image-hover-effect\"><a href=\"https:\/\/kellerdesign.de\/wp-content\/uploads\/2022\/09\/Keller-Design-Messen-Events-Artikelkatalog.pdf\" target=\"_blank\" rel=\"Keller-Design-Messen-Events-Mietmoebel noopener\"><img loading=\"lazy\" decoding=\"async\" width=\"614\" height=\"860\" src=\"https:\/\/kellerdesign.de\/wp-content\/uploads\/2021\/04\/Keller-Design-Messen-Events-Artikelkatalog-Titelbild-1.jpg\" alt=\"\" class=\"wp-image-1661\" srcset=\"https:\/\/kellerdesign.de\/wp-content\/uploads\/2021\/04\/Keller-Design-Messen-Events-Artikelkatalog-Titelbild-1.jpg 614w, https:\/\/kellerdesign.de\/wp-content\/uploads\/2021\/04\/Keller-Design-Messen-Events-Artikelkatalog-Titelbild-1-214x300.jpg 214w\" sizes=\"auto, (max-width: 614px) 100vw, 614px\" \/><\/a><\/figure>\n<\/div>\n<\/div>\n<\/div>\n<\/div>\n\n\n\n<div style=\"height:25px\" aria-hidden=\"true\" class=\"wp-block-spacer\"><\/div>\n\n\n\n<div class=\"wp-block-columns is-layout-flex wp-container-core-columns-is-layout-28f84493 wp-block-columns-is-layout-flex\">\n<div class=\"wp-block-column is-layout-flow wp-block-column-is-layout-flow\">\n<div class=\"wp-block-columns is-layout-flex wp-container-core-columns-is-layout-28f84493 wp-block-columns-is-layout-flex\">\n<div class=\"wp-block-column is-layout-flow wp-block-column-is-layout-flow\">\n<figure class=\"wp-block-image aligncenter size-large is-style-default;  image-hover-effect\"><a href=\"https:\/\/kellerdesign.mietmoebelkatalog.de\/\" target=\"_blank\" rel=\"Keller-Design-Messen-Events-Erweitertes-Sortiment noopener\"><img loading=\"lazy\" decoding=\"async\" width=\"614\" height=\"860\" src=\"https:\/\/kellerdesign.de\/wp-content\/uploads\/2021\/04\/Keller-Design-Messen-Events-weitere-Mietmoebel.jpg\" alt=\"\" class=\"wp-image-1664\" srcset=\"https:\/\/kellerdesign.de\/wp-content\/uploads\/2021\/04\/Keller-Design-Messen-Events-weitere-Mietmoebel.jpg 614w, https:\/\/kellerdesign.de\/wp-content\/uploads\/2021\/04\/Keller-Design-Messen-Events-weitere-Mietmoebel-214x300.jpg 214w\" sizes=\"auto, (max-width: 614px) 100vw, 614px\" \/><\/a><\/figure>\n<\/div>\n\n\n\n<div class=\"wp-block-column is-layout-flow wp-block-column-is-layout-flow\">\n<figure class=\"wp-block-image aligncenter size-large is-style-default;  image-hover-effect\"><a href=\"https:\/\/kellerdesign.de\/wp-content\/uploads\/2021\/04\/Keller-Design-Messen-Events-AGBs.pdf\" target=\"_blank\" rel=\"Keller-Design-Messen-Events-AGBs noopener\"><img loading=\"lazy\" decoding=\"async\" width=\"614\" height=\"860\" src=\"https:\/\/kellerdesign.de\/wp-content\/uploads\/2021\/04\/Keller-Design-Messen-Events-2020_AGB.jpg\" alt=\"\" class=\"wp-image-1665\" srcset=\"https:\/\/kellerdesign.de\/wp-content\/uploads\/2021\/04\/Keller-Design-Messen-Events-2020_AGB.jpg 614w, https:\/\/kellerdesign.de\/wp-content\/uploads\/2021\/04\/Keller-Design-Messen-Events-2020_AGB-214x300.jpg 214w\" sizes=\"auto, (max-width: 614px) 100vw, 614px\" \/><\/a><\/figure>\n<\/div>\n\n\n\n<div class=\"wp-block-column is-layout-flow wp-block-column-is-layout-flow\">\n<figure class=\"wp-block-image aligncenter size-large is-style-default;  image-hover-effect\"><a href=\"https:\/\/kellerdesign.de\/wp-content\/uploads\/2022\/08\/2022_ADE_Allgemeine_Datenschutz_Erklaerung_Keller-Design.pdf\" rel=\"Keller-Design-Datenschutz\"><img loading=\"lazy\" decoding=\"async\" width=\"614\" height=\"860\" src=\"https:\/\/kellerdesign.de\/wp-content\/uploads\/2021\/04\/2019_ADE_Allgemeine_Datenschutz_Erklaerung_Keller-Design.jpg\" alt=\"\" class=\"wp-image-1666\" srcset=\"https:\/\/kellerdesign.de\/wp-content\/uploads\/2021\/04\/2019_ADE_Allgemeine_Datenschutz_Erklaerung_Keller-Design.jpg 614w, https:\/\/kellerdesign.de\/wp-content\/uploads\/2021\/04\/2019_ADE_Allgemeine_Datenschutz_Erklaerung_Keller-Design-214x300.jpg 214w\" sizes=\"auto, (max-width: 614px) 100vw, 614px\" \/><\/a><\/figure>\n<\/div>\n<\/div>\n<\/div>\n<\/div>\n\n\n\n<div class=\"seo-text\" style=\"display:none;\">\n  <h1>Download: Keller Design &#8211; Messen &#038; Events<\/h1>\n\n  <h2>Brosch\u00fcren f\u00fcr Messebau, Events, Grafik und Mietm\u00f6bel<\/h2>\n  <p>Full-Service-Dienstleistung von Keller Design aus Simmozheim im Gro\u00dfraum Stuttgart<\/p>\n \n<\/div>\n","protected":false},"excerpt":{"rendered":"<p>Download: Keller Design &#8211; Messen &#038; Events Brosch\u00fcren f\u00fcr Messebau, Events, Grafik und Mietm\u00f6bel Full-Service-Dienstleistung von Keller Design aus Simmozheim im Gro\u00dfraum Stuttgart<\/p>\n","protected":false},"author":1,"featured_media":0,"parent":0,"menu_order":0,"comment_status":"closed","ping_status":"closed","template":"","meta":{"_coblocks_attr":"","_coblocks_dimensions":"","_coblocks_responsive_height":"","_coblocks_accordion_ie_support":"","site-sidebar-layout":"default","site-content-layout":"default","ast-site-content-layout":"default","site-content-style":"default","site-sidebar-style":"default","ast-global-header-display":"","ast-banner-title-visibility":"","ast-main-header-display":"","ast-hfb-above-header-display":"","ast-hfb-below-header-display":"","ast-hfb-mobile-header-display":"","site-post-title":"disabled","ast-breadcrumbs-content":"","ast-featured-img":"","footer-sml-layout":"","ast-disable-related-posts":"","theme-transparent-header-meta":"default","adv-header-id-meta":"","stick-header-meta":"default","header-above-stick-meta":"","header-main-stick-meta":"","header-below-stick-meta":"","astra-migrate-meta-layouts":"set","ast-page-background-enabled":"default","ast-page-background-meta":{"desktop":{"background-color":"","background-image":"","background-repeat":"repeat","background-position":"center center","background-size":"auto","background-attachment":"scroll","background-type":"","background-media":"","overlay-type":"","overlay-color":"","overlay-opacity":"","overlay-gradient":""},"tablet":{"background-color":"","background-image":"","background-repeat":"repeat","background-position":"center center","background-size":"auto","background-attachment":"scroll","background-type":"","background-media":"","overlay-type":"","overlay-color":"","overlay-opacity":"","overlay-gradient":""},"mobile":{"background-color":"","background-image":"","background-repeat":"repeat","background-position":"center center","background-size":"auto","background-attachment":"scroll","background-type":"","background-media":"","overlay-type":"","overlay-color":"","overlay-opacity":"","overlay-gradient":""}},"ast-content-background-meta":{"desktop":{"background-color":"var(--ast-global-color-5)","background-image":"","background-repeat":"repeat","background-position":"center center","background-size":"auto","background-attachment":"scroll","background-type":"","background-media":"","overlay-type":"","overlay-color":"","overlay-opacity":"","overlay-gradient":""},"tablet":{"background-color":"var(--ast-global-color-5)","background-image":"","background-repeat":"repeat","background-position":"center center","background-size":"auto","background-attachment":"scroll","background-type":"","background-media":"","overlay-type":"","overlay-color":"","overlay-opacity":"","overlay-gradient":""},"mobile":{"background-color":"var(--ast-global-color-5)","background-image":"","background-repeat":"repeat","background-position":"center center","background-size":"auto","background-attachment":"scroll","background-type":"","background-media":"","overlay-type":"","overlay-color":"","overlay-opacity":"","overlay-gradient":""}},"footnotes":""},"class_list":["post-133","page","type-page","status-publish","hentry"],"jetpack_sharing_enabled":true,"_links":{"self":[{"href":"https:\/\/kellerdesign.de\/index.php\/wp-json\/wp\/v2\/pages\/133","targetHints":{"allow":["GET"]}}],"collection":[{"href":"https:\/\/kellerdesign.de\/index.php\/wp-json\/wp\/v2\/pages"}],"about":[{"href":"https:\/\/kellerdesign.de\/index.php\/wp-json\/wp\/v2\/types\/page"}],"author":[{"embeddable":true,"href":"https:\/\/kellerdesign.de\/index.php\/wp-json\/wp\/v2\/users\/1"}],"replies":[{"embeddable":true,"href":"https:\/\/kellerdesign.de\/index.php\/wp-json\/wp\/v2\/comments?post=133"}],"version-history":[{"count":87,"href":"https:\/\/kellerdesign.de\/index.php\/wp-json\/wp\/v2\/pages\/133\/revisions"}],"predecessor-version":[{"id":13672,"href":"https:\/\/kellerdesign.de\/index.php\/wp-json\/wp\/v2\/pages\/133\/revisions\/13672"}],"wp:attachment":[{"href":"https:\/\/kellerdesign.de\/index.php\/wp-json\/wp\/v2\/media?parent=133"}],"curies":[{"name":"wp","href":"https:\/\/api.w.org\/{rel}","templated":true}]}}