{"id":48,"date":"2020-01-25T13:09:37","date_gmt":"2020-01-25T12:09:37","guid":{"rendered":"http:\/\/kellerdesign.de\/?page_id=48"},"modified":"2025-11-19T09:37:22","modified_gmt":"2025-11-19T08:37:22","slug":"events-full-service","status":"publish","type":"page","link":"https:\/\/kellerdesign.de\/index.php\/events-full-service\/","title":{"rendered":"EVENTS"},"content":{"rendered":"\n<div style=\"height:20px\" aria-hidden=\"true\" class=\"wp-block-spacer\"><\/div>\n\n\n\n<div class=\"wp-block-columns is-layout-flex wp-container-core-columns-is-layout-28f84493 wp-block-columns-is-layout-flex\">\n<div class=\"wp-block-column is-layout-flow wp-block-column-is-layout-flow\">\n<figure class=\"wp-block-image size-full image-hover-effect\"><a href=\"https:\/\/kellerdesign.de\/wp-content\/uploads\/2023\/06\/Keller-Design-Messen-Events-EVENTS-Team-Projektabwicklung.jpg\" target=\"_blank\" rel=\" noreferrer noopener\"><img loading=\"lazy\" decoding=\"async\" width=\"700\" height=\"540\" src=\"https:\/\/kellerdesign.de\/wp-content\/uploads\/2023\/06\/Keller-Design-Messen-Events-EVENTS-Team-Projektabwicklung.jpg\" alt=\"\" class=\"wp-image-7757\" srcset=\"https:\/\/kellerdesign.de\/wp-content\/uploads\/2023\/06\/Keller-Design-Messen-Events-EVENTS-Team-Projektabwicklung.jpg 700w, https:\/\/kellerdesign.de\/wp-content\/uploads\/2023\/06\/Keller-Design-Messen-Events-EVENTS-Team-Projektabwicklung-300x231.jpg 300w\" sizes=\"auto, (max-width: 700px) 100vw, 700px\" \/><\/a><\/figure>\n<\/div>\n\n\n\n<div class=\"wp-block-column is-layout-flow wp-block-column-is-layout-flow\">\n<figure class=\"wp-block-image size-full image-hover-effect\"><a href=\"https:\/\/kellerdesign.de\/wp-content\/uploads\/2023\/06\/Keller-Design-Messen-Events-EVENTS-Fuhrpark-Zugmaschine.jpg\" target=\"_blank\" rel=\" noreferrer noopener\"><img loading=\"lazy\" decoding=\"async\" width=\"700\" height=\"540\" src=\"https:\/\/kellerdesign.de\/wp-content\/uploads\/2023\/06\/Keller-Design-Messen-Events-EVENTS-Fuhrpark-Zugmaschine.jpg\" alt=\"\" class=\"wp-image-7758\" srcset=\"https:\/\/kellerdesign.de\/wp-content\/uploads\/2023\/06\/Keller-Design-Messen-Events-EVENTS-Fuhrpark-Zugmaschine.jpg 700w, https:\/\/kellerdesign.de\/wp-content\/uploads\/2023\/06\/Keller-Design-Messen-Events-EVENTS-Fuhrpark-Zugmaschine-300x231.jpg 300w\" sizes=\"auto, (max-width: 700px) 100vw, 700px\" \/><\/a><\/figure>\n<\/div>\n\n\n\n<div class=\"wp-block-column is-layout-flow wp-block-column-is-layout-flow\">\n<figure class=\"wp-block-image size-full image-hover-effect\"><a href=\"https:\/\/kellerdesign.de\/wp-content\/uploads\/2023\/06\/Keller-Design-Messen-Events-EVENTS-Aufbau-Montage.jpg\" target=\"_blank\" rel=\" noreferrer noopener\"><img loading=\"lazy\" decoding=\"async\" width=\"700\" height=\"540\" src=\"https:\/\/kellerdesign.de\/wp-content\/uploads\/2023\/06\/Keller-Design-Messen-Events-EVENTS-Aufbau-Montage.jpg\" alt=\"\" class=\"wp-image-7759\" srcset=\"https:\/\/kellerdesign.de\/wp-content\/uploads\/2023\/06\/Keller-Design-Messen-Events-EVENTS-Aufbau-Montage.jpg 700w, https:\/\/kellerdesign.de\/wp-content\/uploads\/2023\/06\/Keller-Design-Messen-Events-EVENTS-Aufbau-Montage-300x231.jpg 300w\" sizes=\"auto, (max-width: 700px) 100vw, 700px\" \/><\/a><\/figure>\n<\/div>\n\n\n\n<div class=\"wp-block-column is-layout-flow wp-block-column-is-layout-flow\">\n<figure class=\"wp-block-image size-full image-hover-effect\"><a href=\"https:\/\/kellerdesign.de\/wp-content\/uploads\/2023\/06\/Keller-Design-Messen-Events-EVENTS-Eingang.jpg\" target=\"_blank\" rel=\" noreferrer noopener\"><img loading=\"lazy\" decoding=\"async\" width=\"700\" height=\"540\" src=\"https:\/\/kellerdesign.de\/wp-content\/uploads\/2023\/06\/Keller-Design-Messen-Events-EVENTS-Eingang.jpg\" alt=\"\" class=\"wp-image-7760\" srcset=\"https:\/\/kellerdesign.de\/wp-content\/uploads\/2023\/06\/Keller-Design-Messen-Events-EVENTS-Eingang.jpg 700w, https:\/\/kellerdesign.de\/wp-content\/uploads\/2023\/06\/Keller-Design-Messen-Events-EVENTS-Eingang-300x231.jpg 300w\" sizes=\"auto, (max-width: 700px) 100vw, 700px\" \/><\/a><\/figure>\n<\/div>\n\n\n\n<div class=\"wp-block-column is-layout-flow wp-block-column-is-layout-flow\">\n<figure class=\"wp-block-image size-full image-hover-effect\"><a href=\"https:\/\/kellerdesign.de\/wp-content\/uploads\/2023\/06\/Keller-Design-Messen-Events-EVENTS-Team-Abwicklung.jpg\" target=\"_blank\" rel=\" noreferrer noopener\"><img loading=\"lazy\" decoding=\"async\" width=\"700\" height=\"540\" src=\"https:\/\/kellerdesign.de\/wp-content\/uploads\/2023\/06\/Keller-Design-Messen-Events-EVENTS-Team-Abwicklung.jpg\" alt=\"\" class=\"wp-image-7761\" srcset=\"https:\/\/kellerdesign.de\/wp-content\/uploads\/2023\/06\/Keller-Design-Messen-Events-EVENTS-Team-Abwicklung.jpg 700w, https:\/\/kellerdesign.de\/wp-content\/uploads\/2023\/06\/Keller-Design-Messen-Events-EVENTS-Team-Abwicklung-300x231.jpg 300w\" sizes=\"auto, (max-width: 700px) 100vw, 700px\" \/><\/a><\/figure>\n<\/div>\n<\/div>\n\n\n\n<div style=\"height:20px\" aria-hidden=\"true\" class=\"wp-block-spacer\"><\/div>\n\n\n\n<div class=\"wp-block-columns is-layout-flex wp-container-core-columns-is-layout-28f84493 wp-block-columns-is-layout-flex\">\n<div class=\"wp-block-column is-layout-flow wp-block-column-is-layout-flow\">\n<figure class=\"wp-block-image size-full image-hover-effect\"><a href=\"https:\/\/kellerdesign.de\/wp-content\/uploads\/2023\/06\/Keller-Design-Messen-Events-EVENTS-Service-Montage.jpg\" target=\"_blank\" rel=\" noreferrer noopener\"><img loading=\"lazy\" decoding=\"async\" width=\"700\" height=\"540\" src=\"https:\/\/kellerdesign.de\/wp-content\/uploads\/2023\/06\/Keller-Design-Messen-Events-EVENTS-Service-Montage.jpg\" alt=\"events-veranstaltungsservice-aufbau\" class=\"wp-image-7762\" srcset=\"https:\/\/kellerdesign.de\/wp-content\/uploads\/2023\/06\/Keller-Design-Messen-Events-EVENTS-Service-Montage.jpg 700w, https:\/\/kellerdesign.de\/wp-content\/uploads\/2023\/06\/Keller-Design-Messen-Events-EVENTS-Service-Montage-300x231.jpg 300w\" sizes=\"auto, (max-width: 700px) 100vw, 700px\" \/><\/a><\/figure>\n<\/div>\n\n\n\n<div class=\"wp-block-column is-layout-flow wp-block-column-is-layout-flow\">\n<figure class=\"wp-block-image size-full image-hover-effect\"><a href=\"https:\/\/kellerdesign.de\/wp-content\/uploads\/2023\/06\/Keller-Design-Messen-Events-EVENTS-CAD-Planung.jpg\" target=\"_blank\" rel=\" noreferrer noopener\"><img loading=\"lazy\" decoding=\"async\" width=\"700\" height=\"540\" src=\"https:\/\/kellerdesign.de\/wp-content\/uploads\/2023\/06\/Keller-Design-Messen-Events-EVENTS-CAD-Planung.jpg\" alt=\"\" class=\"wp-image-7771\" srcset=\"https:\/\/kellerdesign.de\/wp-content\/uploads\/2023\/06\/Keller-Design-Messen-Events-EVENTS-CAD-Planung.jpg 700w, https:\/\/kellerdesign.de\/wp-content\/uploads\/2023\/06\/Keller-Design-Messen-Events-EVENTS-CAD-Planung-300x231.jpg 300w\" sizes=\"auto, (max-width: 700px) 100vw, 700px\" \/><\/a><\/figure>\n<\/div>\n\n\n\n<div class=\"wp-block-column is-layout-flow wp-block-column-is-layout-flow\">\n<figure class=\"wp-block-image size-full image-hover-effect\"><a href=\"https:\/\/kellerdesign.de\/wp-content\/uploads\/2023\/06\/Keller-Design-Messen-Events-EVENTS-Team-Eventservice.jpg\" target=\"_blank\" rel=\" noreferrer noopener\"><img loading=\"lazy\" decoding=\"async\" width=\"700\" height=\"540\" src=\"https:\/\/kellerdesign.de\/wp-content\/uploads\/2023\/06\/Keller-Design-Messen-Events-EVENTS-Team-Eventservice.jpg\" alt=\"events-team-eventservice\" class=\"wp-image-7773\" srcset=\"https:\/\/kellerdesign.de\/wp-content\/uploads\/2023\/06\/Keller-Design-Messen-Events-EVENTS-Team-Eventservice.jpg 700w, https:\/\/kellerdesign.de\/wp-content\/uploads\/2023\/06\/Keller-Design-Messen-Events-EVENTS-Team-Eventservice-300x231.jpg 300w\" sizes=\"auto, (max-width: 700px) 100vw, 700px\" \/><\/a><\/figure>\n<\/div>\n\n\n\n<div class=\"wp-block-column is-layout-flow wp-block-column-is-layout-flow\">\n<figure class=\"wp-block-image size-full image-hover-effect\"><a href=\"https:\/\/kellerdesign.de\/wp-content\/uploads\/2023\/06\/Keller-Design-Messen-Events-EVENTS-Lager.jpg\" target=\"_blank\" rel=\" noreferrer noopener\"><img loading=\"lazy\" decoding=\"async\" width=\"700\" height=\"540\" src=\"https:\/\/kellerdesign.de\/wp-content\/uploads\/2023\/06\/Keller-Design-Messen-Events-EVENTS-Lager.jpg\" alt=\"events-lager-logistik\" class=\"wp-image-7763\" srcset=\"https:\/\/kellerdesign.de\/wp-content\/uploads\/2023\/06\/Keller-Design-Messen-Events-EVENTS-Lager.jpg 700w, https:\/\/kellerdesign.de\/wp-content\/uploads\/2023\/06\/Keller-Design-Messen-Events-EVENTS-Lager-300x231.jpg 300w\" sizes=\"auto, (max-width: 700px) 100vw, 700px\" \/><\/a><\/figure>\n<\/div>\n\n\n\n<div class=\"wp-block-column is-layout-flow wp-block-column-is-layout-flow\">\n<figure class=\"wp-block-image size-full image-hover-effect\"><a href=\"https:\/\/kellerdesign.de\/wp-content\/uploads\/2023\/06\/Keller-Design-Messen-Events-EVENTS-Veranstaltung.jpg\" target=\"_blank\" rel=\" noreferrer noopener\"><img loading=\"lazy\" decoding=\"async\" width=\"700\" height=\"540\" src=\"https:\/\/kellerdesign.de\/wp-content\/uploads\/2023\/06\/Keller-Design-Messen-Events-EVENTS-Veranstaltung.jpg\" alt=\"\" class=\"wp-image-7766\" srcset=\"https:\/\/kellerdesign.de\/wp-content\/uploads\/2023\/06\/Keller-Design-Messen-Events-EVENTS-Veranstaltung.jpg 700w, https:\/\/kellerdesign.de\/wp-content\/uploads\/2023\/06\/Keller-Design-Messen-Events-EVENTS-Veranstaltung-300x231.jpg 300w\" sizes=\"auto, (max-width: 700px) 100vw, 700px\" \/><\/a><\/figure>\n<\/div>\n<\/div>\n\n\n\n<div style=\"height:60px\" aria-hidden=\"true\" class=\"wp-block-spacer\"><\/div>\n\n\n\n<figure class=\"wp-block-image aligncenter size-full is-resized has-lightbox\"><a href=\"https:\/\/kellerdesign.de\/index.php\/events-full-service\/galerie-events-kellerdesign\/\" target=\"_blank\" rel=\" noreferrer noopener\"><img loading=\"lazy\" decoding=\"async\" width=\"960\" height=\"350\" src=\"https:\/\/kellerdesign.de\/wp-content\/uploads\/2023\/06\/Keller-Design-Messen-Events-EVENTS-die-Emotionen-wecken.jpg\" alt=\"\" class=\"wp-image-7755\" style=\"width:650px\" srcset=\"https:\/\/kellerdesign.de\/wp-content\/uploads\/2023\/06\/Keller-Design-Messen-Events-EVENTS-die-Emotionen-wecken.jpg 960w, https:\/\/kellerdesign.de\/wp-content\/uploads\/2023\/06\/Keller-Design-Messen-Events-EVENTS-die-Emotionen-wecken-300x109.jpg 300w, https:\/\/kellerdesign.de\/wp-content\/uploads\/2023\/06\/Keller-Design-Messen-Events-EVENTS-die-Emotionen-wecken-768x280.jpg 768w\" sizes=\"auto, (max-width: 960px) 100vw, 960px\" \/><\/a><\/figure>\n\n\n\n<div class=\"seo-text\" style=\"display:none;\">\n  <h1>Events, die Emotionen wecken<\/h1>\n\n  <h2>Events von Keller Design<\/h2>\n  <p>individuell geplant, perfekt umgesetzt \u2013 alles aus einer Hand.<\/p>\n\n <h2>Ihre Vision ist unser Antrieb \u2013 von der Idee bis zum fertigen Eventprojekt.<\/h2>\n  <p>\u00dcberzeugende Veranstaltungen in Stuttgart, Sindelfingen, B\u00f6blingen und Leonberg.<\/p>\n\n  <h2>Kontaktieren Sie uns<\/h2>\n  <p>Sprechen Sie mit unserem Team \u00fcber Ihre n\u00e4chste Veranstaltung.<\/p>\n \n<\/div>\n\n\n","protected":false},"excerpt":{"rendered":"<p>Events, die Emotionen wecken Events von Keller Design individuell geplant, perfekt umgesetzt \u2013 alles aus einer Hand. Ihre Vision ist unser Antrieb \u2013 von der Idee bis zum fertigen Eventprojekt. \u00dcberzeugende Veranstaltungen in Stuttgart, Sindelfingen, B\u00f6blingen und Leonberg. Kontaktieren Sie uns Sprechen Sie mit unserem Team \u00fcber Ihre n\u00e4chste Veranstaltung.<\/p>\n","protected":false},"author":1,"featured_media":0,"parent":0,"menu_order":0,"comment_status":"closed","ping_status":"closed","template":"","meta":{"_coblocks_attr":"","_coblocks_dimensions":"","_coblocks_responsive_height":"","_coblocks_accordion_ie_support":"","site-sidebar-layout":"no-sidebar","site-content-layout":"plain-container","ast-site-content-layout":"normal-width-container","site-content-style":"unboxed","site-sidebar-style":"unboxed","ast-global-header-display":"","ast-banner-title-visibility":"","ast-main-header-display":"","ast-hfb-above-header-display":"","ast-hfb-below-header-display":"","ast-hfb-mobile-header-display":"","site-post-title":"disabled","ast-breadcrumbs-content":"","ast-featured-img":"","footer-sml-layout":"","ast-disable-related-posts":"","theme-transparent-header-meta":"default","adv-header-id-meta":"","stick-header-meta":"default","header-above-stick-meta":"","header-main-stick-meta":"","header-below-stick-meta":"","astra-migrate-meta-layouts":"set","ast-page-background-enabled":"default","ast-page-background-meta":{"desktop":{"background-color":"","background-image":"","background-repeat":"repeat","background-position":"center center","background-size":"auto","background-attachment":"scroll","background-type":"","background-media":"","overlay-type":"","overlay-color":"","overlay-opacity":"","overlay-gradient":""},"tablet":{"background-color":"","background-image":"","background-repeat":"repeat","background-position":"center center","background-size":"auto","background-attachment":"scroll","background-type":"","background-media":"","overlay-type":"","overlay-color":"","overlay-opacity":"","overlay-gradient":""},"mobile":{"background-color":"","background-image":"","background-repeat":"repeat","background-position":"center center","background-size":"auto","background-attachment":"scroll","background-type":"","background-media":"","overlay-type":"","overlay-color":"","overlay-opacity":"","overlay-gradient":""}},"ast-content-background-meta":{"desktop":{"background-color":"var(--ast-global-color-5)","background-image":"","background-repeat":"repeat","background-position":"center center","background-size":"auto","background-attachment":"scroll","background-type":"","background-media":"","overlay-type":"","overlay-color":"","overlay-opacity":"","overlay-gradient":""},"tablet":{"background-color":"var(--ast-global-color-5)","background-image":"","background-repeat":"repeat","background-position":"center center","background-size":"auto","background-attachment":"scroll","background-type":"","background-media":"","overlay-type":"","overlay-color":"","overlay-opacity":"","overlay-gradient":""},"mobile":{"background-color":"var(--ast-global-color-5)","background-image":"","background-repeat":"repeat","background-position":"center center","background-size":"auto","background-attachment":"scroll","background-type":"","background-media":"","overlay-type":"","overlay-color":"","overlay-opacity":"","overlay-gradient":""}},"footnotes":""},"class_list":["post-48","page","type-page","status-publish","hentry"],"jetpack_sharing_enabled":true,"_links":{"self":[{"href":"https:\/\/kellerdesign.de\/index.php\/wp-json\/wp\/v2\/pages\/48","targetHints":{"allow":["GET"]}}],"collection":[{"href":"https:\/\/kellerdesign.de\/index.php\/wp-json\/wp\/v2\/pages"}],"about":[{"href":"https:\/\/kellerdesign.de\/index.php\/wp-json\/wp\/v2\/types\/page"}],"author":[{"embeddable":true,"href":"https:\/\/kellerdesign.de\/index.php\/wp-json\/wp\/v2\/users\/1"}],"replies":[{"embeddable":true,"href":"https:\/\/kellerdesign.de\/index.php\/wp-json\/wp\/v2\/comments?post=48"}],"version-history":[{"count":39,"href":"https:\/\/kellerdesign.de\/index.php\/wp-json\/wp\/v2\/pages\/48\/revisions"}],"predecessor-version":[{"id":13706,"href":"https:\/\/kellerdesign.de\/index.php\/wp-json\/wp\/v2\/pages\/48\/revisions\/13706"}],"wp:attachment":[{"href":"https:\/\/kellerdesign.de\/index.php\/wp-json\/wp\/v2\/media?parent=48"}],"curies":[{"name":"wp","href":"https:\/\/api.w.org\/{rel}","templated":true}]}}