{"id":482,"date":"2021-02-11T14:49:03","date_gmt":"2021-02-11T13:49:03","guid":{"rendered":"http:\/\/kellerdesign.de\/?page_id=482"},"modified":"2025-11-19T10:48:13","modified_gmt":"2025-11-19T09:48:13","slug":"ergebnis-grafik","status":"publish","type":"page","link":"https:\/\/kellerdesign.de\/index.php\/grafik-kellerdesign\/ergebnis-grafik\/","title":{"rendered":"Ergebnis"},"content":{"rendered":"\n<figure class=\"wp-block-image size-full is-style-default has-lightbox\"><a href=\"https:\/\/kellerdesign.de\/index.php\/2025\/02\/19\/fertigung\/\"><img loading=\"lazy\" decoding=\"async\" width=\"960\" height=\"600\" src=\"https:\/\/kellerdesign.de\/wp-content\/uploads\/2021\/11\/Keller-Design-Messen-Events-GRAFIK_Menuepunkt_Ergebnis_960x600.jpg\" alt=\"Ergebnis-Wir-liefern-alles-aus-einer-Hand\" class=\"wp-image-3751\" srcset=\"https:\/\/kellerdesign.de\/wp-content\/uploads\/2021\/11\/Keller-Design-Messen-Events-GRAFIK_Menuepunkt_Ergebnis_960x600.jpg 960w, https:\/\/kellerdesign.de\/wp-content\/uploads\/2021\/11\/Keller-Design-Messen-Events-GRAFIK_Menuepunkt_Ergebnis_960x600-300x188.jpg 300w, https:\/\/kellerdesign.de\/wp-content\/uploads\/2021\/11\/Keller-Design-Messen-Events-GRAFIK_Menuepunkt_Ergebnis_960x600-768x480.jpg 768w\" sizes=\"auto, (max-width: 960px) 100vw, 960px\" \/><\/a><\/figure>\n\n\n\n<div class=\"seo-text\" style=\"display:none;\">\n  <h1>Ergebnis: Alles aus einer Hand<\/h1>\n\n  <h2>Wir haben das gew\u00fcnschte Ergebnis f\u00fcr Ihre Beschriftungen &#038; Grafiken<\/h2>\n  <p>Keller Design-Full-Service: Komplettl\u00f6sungen f\u00fcr Ihre Werbebotschaft<\/p>\n\n <h2>Individuelle Beschriftungen in Form von Folienschnitten oder Digitaldrucken<\/h2>\n  <p>Mit hochwertiger Grafikbeschriftung machen wir Ihre Botschaft sichtbar.<\/p>\n\n<h2>Von der Vorbereitung bis zur Grafikmontage vor Ort<\/h2>\n  <p>Keller Design garantiert eine saubere und effiziente Umsetzung Ihrer Grafikprojekte.<\/p>\n\n <h2>Sprechen Sie uns an<\/h2>\n  <p>Wir sind bereit f\u00fcr gro\u00dfartigen Service<\/p>\n\n \n<\/div>\n","protected":false},"excerpt":{"rendered":"<p>Ergebnis: Alles aus einer Hand Wir haben das gew\u00fcnschte Ergebnis f\u00fcr Ihre Beschriftungen &#038; Grafiken Keller Design-Full-Service: Komplettl\u00f6sungen f\u00fcr Ihre Werbebotschaft Individuelle Beschriftungen in Form von Folienschnitten oder Digitaldrucken Mit hochwertiger Grafikbeschriftung machen wir Ihre Botschaft sichtbar. Von der Vorbereitung bis zur Grafikmontage vor Ort Keller Design garantiert eine saubere und effiziente Umsetzung Ihrer Grafikprojekte. [&hellip;]<\/p>\n","protected":false},"author":1,"featured_media":0,"parent":139,"menu_order":3,"comment_status":"closed","ping_status":"closed","template":"","meta":{"_coblocks_attr":"","_coblocks_dimensions":"","_coblocks_responsive_height":"","_coblocks_accordion_ie_support":"","site-sidebar-layout":"default","site-content-layout":"default","ast-site-content-layout":"default","site-content-style":"default","site-sidebar-style":"default","ast-global-header-display":"","ast-banner-title-visibility":"","ast-main-header-display":"","ast-hfb-above-header-display":"","ast-hfb-below-header-display":"","ast-hfb-mobile-header-display":"","site-post-title":"disabled","ast-breadcrumbs-content":"","ast-featured-img":"","footer-sml-layout":"","ast-disable-related-posts":"","theme-transparent-header-meta":"default","adv-header-id-meta":"","stick-header-meta":"default","header-above-stick-meta":"","header-main-stick-meta":"","header-below-stick-meta":"","astra-migrate-meta-layouts":"set","ast-page-background-enabled":"default","ast-page-background-meta":{"desktop":{"background-color":"","background-image":"","background-repeat":"repeat","background-position":"center center","background-size":"auto","background-attachment":"scroll","background-type":"","background-media":"","overlay-type":"","overlay-color":"","overlay-opacity":"","overlay-gradient":""},"tablet":{"background-color":"","background-image":"","background-repeat":"repeat","background-position":"center center","background-size":"auto","background-attachment":"scroll","background-type":"","background-media":"","overlay-type":"","overlay-color":"","overlay-opacity":"","overlay-gradient":""},"mobile":{"background-color":"","background-image":"","background-repeat":"repeat","background-position":"center center","background-size":"auto","background-attachment":"scroll","background-type":"","background-media":"","overlay-type":"","overlay-color":"","overlay-opacity":"","overlay-gradient":""}},"ast-content-background-meta":{"desktop":{"background-color":"var(--ast-global-color-5)","background-image":"","background-repeat":"repeat","background-position":"center center","background-size":"auto","background-attachment":"scroll","background-type":"","background-media":"","overlay-type":"","overlay-color":"","overlay-opacity":"","overlay-gradient":""},"tablet":{"background-color":"var(--ast-global-color-5)","background-image":"","background-repeat":"repeat","background-position":"center center","background-size":"auto","background-attachment":"scroll","background-type":"","background-media":"","overlay-type":"","overlay-color":"","overlay-opacity":"","overlay-gradient":""},"mobile":{"background-color":"var(--ast-global-color-5)","background-image":"","background-repeat":"repeat","background-position":"center center","background-size":"auto","background-attachment":"scroll","background-type":"","background-media":"","overlay-type":"","overlay-color":"","overlay-opacity":"","overlay-gradient":""}},"footnotes":""},"class_list":["post-482","page","type-page","status-publish","hentry"],"jetpack_sharing_enabled":true,"_links":{"self":[{"href":"https:\/\/kellerdesign.de\/index.php\/wp-json\/wp\/v2\/pages\/482","targetHints":{"allow":["GET"]}}],"collection":[{"href":"https:\/\/kellerdesign.de\/index.php\/wp-json\/wp\/v2\/pages"}],"about":[{"href":"https:\/\/kellerdesign.de\/index.php\/wp-json\/wp\/v2\/types\/page"}],"author":[{"embeddable":true,"href":"https:\/\/kellerdesign.de\/index.php\/wp-json\/wp\/v2\/users\/1"}],"replies":[{"embeddable":true,"href":"https:\/\/kellerdesign.de\/index.php\/wp-json\/wp\/v2\/comments?post=482"}],"version-history":[{"count":19,"href":"https:\/\/kellerdesign.de\/index.php\/wp-json\/wp\/v2\/pages\/482\/revisions"}],"predecessor-version":[{"id":13719,"href":"https:\/\/kellerdesign.de\/index.php\/wp-json\/wp\/v2\/pages\/482\/revisions\/13719"}],"up":[{"embeddable":true,"href":"https:\/\/kellerdesign.de\/index.php\/wp-json\/wp\/v2\/pages\/139"}],"wp:attachment":[{"href":"https:\/\/kellerdesign.de\/index.php\/wp-json\/wp\/v2\/media?parent=482"}],"curies":[{"name":"wp","href":"https:\/\/api.w.org\/{rel}","templated":true}]}}